List the prime factors of 389732830.
2, 5, 38973283
List the prime factors of 435307263.
3, 145102421
What are the prime factors of 4053050661?
3, 11, 2579, 47623
List the prime factors of 7697526436.
2, 251, 7666859
What are the prime factors of 3105688?
2, 388211
What are the prime factors of 116605962?
2, 3, 11, 163, 3613
List the prime factors of 97256113.
47, 53, 39043
List the prime factors of 26145535.
5, 13, 402239
What are the prime factors of 477168199?
477168199
List the prime factors of 261203870.
2, 5, 23, 29, 39161
List the prime factors of 97454135.
5, 19, 59, 17387
What are the prime factors of 1670634874?
2, 23971, 34847
What are the prime factors of 1524355823?
809, 1884247
List the prime factors of 600713044.
2, 19, 7904119
List the prime factors of 478548096.
2, 3, 13, 17, 5639
List the prime factors of 104235306.
2, 3, 7, 317, 7829
What are the prime factors of 1579865631?
3, 526621877
List the prime factors of 810732199.
983, 824753
What are the prime factors of 1255092364?
2, 53, 5920247
List the prime factors of 254458001.
7, 36351143
List the prime factors of 3335822750.
2, 5, 13, 1026407
What are the prime factors of 175834302?
2, 3, 7, 4186531
What are the prime factors of 296408801?
13, 167, 136531
List the prime factors of 10557073.
29, 12553
List the prime factors of 39425286.
2, 3, 6570881
What are the prime factors of 2192041853?
2192041853
What are the prime factors of 307405051?
23, 47, 199, 1429
What are the prime factors of 207781978?
2, 433, 239933
What are the prime factors of 31877917?
31877917
List the prime factors of 48495251.
7, 41, 101, 239
What are the prime factors of 231488993?
41, 5646073
What are the prime factors of 363056471?
17, 2633, 8111
List the prime factors of 1038235926.
2, 3, 7, 13, 1901531
What are the prime factors of 178562045?
5, 971, 36779
List the prime factors of 3685909181.
647, 5696923
List the prime factors of 36799711.
13, 907, 3121
What are the prime factors of 1123419574?
2, 19, 29, 35153
List the prime factors of 96850270.
2, 5, 11, 59, 14923
What are the prime factors of 34749080?
2, 5, 868727
List the prime factors of 4719470865.
3, 5, 1181, 266411
What are the prime factors of 55931945?
5, 11186389
List the prime factors of 123051682.
2, 13, 4732757
List the prime factors of 180498484.
2, 45124621
What are the prime factors of 383635399?
7, 3793, 14449
List the prime factors of 794631184.
2, 31, 1602079
List the prime factors of 646545089.
229, 12329
What are the prime factors of 2403664634?
2, 7, 23, 1013, 7369
List the prime factors of 44420800.
2, 5, 27763
What are the prime factors of 259048451?
19, 13634129
What are the prime factors of 96148340?
2, 5, 29, 97, 1709
List the prime factors of 21064829.
59, 357031
List the prime factors of 189977625.
3, 5, 168869
List the prime factors of 297438782.
2, 37, 137, 29339
What are the prime factors of 441959407?
441959407
List the prime factors of 68543169.
3, 22847723
What are the prime factors of 621247531?
43, 14447617
What are the prime factors of 29858604?
2, 3, 2488217
What are the prime factors of 543740894?
2, 29, 1723, 5441
List the prime factors of 656066354.
2, 328033177
List the prime factors of 182888010.
2, 3, 5, 83, 8161
What are the prime factors of 4540375269?
3, 163, 1031669
What are the prime factors of 112345317?
3, 7, 23, 3371
List the prime factors of 2265796584.
2, 3, 17, 337, 1831
What are the prime factors of 82546488?
2, 3, 19, 83, 727
List the prime factors of 59170742.
2, 29585371
List the prime factors of 84188891.
47, 179, 10007
What are the prime factors of 2755561482?
2, 3, 153086749
List the prime factors of 826412379.
3, 13, 23, 307, 3001
List the prime factors of 70872653.
70872653
List the prime factors of 192575456.
2, 17, 79, 4481
List the prime factors of 41556339.
3, 11, 107, 3923
What are the prime factors of 146600976?
2, 3, 3054187
List the prime factors of 809018470.
2, 5, 13, 31, 367, 547
List the prime factors of 2702515063.
14461, 186883
What are the prime factors of 22952104?
2, 7, 61, 6719
List the prime factors of 1524128891.
1524128891
What are the prime factors of 8887553625?
3, 5, 23, 1030441
What are the prime factors of 162934594?
2, 81467297
What are the prime factors of 40886628?
2, 3, 37, 71, 1297
List the prime factors of 424382965.
5, 613, 138461
What are the prime factors of 659693953?
1783, 369991
List the prime factors of 154319885.
5, 139, 222043
What are the prime factors of 606504825?
3, 5, 23, 233, 503
What are the prime factors of 378418715?
5, 75683743
List the prime factors of 446731605.
3, 5, 1103041
What are the prime factors of 1257429645?
3, 5, 37, 755213
List the prime factors of 919874541.
3, 89, 271, 12713
List the prime factors of 19070938.
2, 9535469
List the prime factors of 96087397.
7, 13726771
What are the prime factors of 92569894?
2, 23, 269, 7481
What are the prime factors of 207943999?
19, 10944421
List the prime factors of 270439137.
3, 109, 275677
List the prime factors of 1521452681.
7, 71, 1187, 2579
What are the prime factors of 672373405?
5, 11, 1111361
What are the prime factors of 93684214?
2, 13, 827, 4357
What are the prime factors of 472056077?
547, 862991
What are the prime factors of 111841052?
2, 29, 431, 2237
List the prime factors of 8708088735.
3, 5, 1009, 63929
List the prime factors of 177397794.
2, 3, 7, 19, 74101
What are the prime factors of 28418075?
5, 7, 162389
What are the prime factors of 12055276?
2, 307, 9817
What are the prime factors of 1620899623?
7, 15217
List the prime factors of 122188098.
2, 3, 23, 885421
What are the prime factors of 2599426155?
3, 5, 173295077
What are the prime factors of 734987482?
2, 113, 191, 17027
What are the prime factors of 57298016?
2, 43, 41641
What are the prime factors of 44432144?
2, 2777009
What are the prime factors of 126483191?
126483191
What are the prime factors of 8419728?
2, 3, 175411
List the prime factors of 34021488.
2, 3, 17, 173, 241
What are the prime factors of 5465334?
2, 3, 7, 130127
What are the prime factors of 18907045?
5, 761, 4969
What are the prime factors of 570697593?
3, 190232531
What are the prime factors of 2924169605?
5, 7, 83547703
What are the prime factors of 52991797?
239, 221723
What are the prime factors of 495142386?
2, 3, 137, 463, 1301
List the prime factors of 2179775703.
3, 7, 19, 509, 10733
What are the prime factors of 4040495374?
2, 32939, 61333
List the prime factors of 17776714.
2, 8888357
List the prime factors of 103781459.
29, 31, 67, 1723
What are the prime factors of 351249132?
2, 3, 13, 41, 54917
What are the prime factors of 56791880?
2, 5, 67, 21191
What are the prime factors of 272204077?
149, 1826873
List the prime factors of 3167781390.
2, 3, 5, 59, 596569
What are the prime factors of 997012033?
71, 14042423
List the prime factors of 219956663.
47, 4679929
What are the prime factors of 793404821?
11, 67, 79, 13627
List the prime factors of 736514003.
149, 397, 12451
What are the prime factors of 5265997?
11, 478727
What are the prime factors of 292496511?
3, 97498837
List the prime factors of 75278071.
11, 6843461
List the prime factors of 769060854.
2, 3, 3529, 12107
List the prime factors of 134619177.
3, 7, 11, 582767
List the prime factors of 181864381.
23, 127, 2707
List the prime factors of 68058760.
2, 5, 7, 11, 19, 1163
What are the prime factors of 17397888?
2, 3, 45307
What are the prime factors of 8869035?
3, 5, 7, 84467
List the prime factors of 174306323.
19, 173, 2791
List the prime factors of 1223851356.
2, 3, 7, 13, 31, 103
List the prime factors of 178203404.
2, 149, 298999
What are the prime factors of 113740135?
5, 22748027
What are the prime factors of 3880524050?
2, 5, 13, 5970037
What are the prime factors of 2370242577?
3, 59, 191, 70111
List the prime factors of 7895903.
41, 192583
What are the prime factors of 418003864?
2, 233, 224251
List the prime factors of 173425449.
3, 17, 41, 82939
What are the prime factors of 79929992?
2, 41, 197, 1237
What are the prime factors of 129677512?
2, 47, 344887
What are the prime factors of 1855849821?
3, 7, 88373801
List the prime factors of 2813174947.
11, 7949, 32173
List the prime factors of 3200540542.
2, 379, 2029, 2081
What are the prime fa